 67 = 4*v + 47. Suppose v*f = -2*o + 17, 0 = 3*f + 2*f + 5*o - 5. Calculate the greatest common factor of f and 2.
1
Suppose -8*s + 4*s + 10 = -2*z, -3*z - 3 = 0. What is the greatest common factor of 82 and s?
2
Let t(w) = 2*w**2 - 4*w - 13. Let a be t(16). What is the highest common divisor of a and 15?
15
Let k = 21 - 21. Suppose 3*m - 99 = v, 3*m - 5*v + 40 - 139 = k. What is the greatest common divisor of m and 297?
33
Let z(k) = 2*k**3 - 7*k**2 + 8*k - 13. Let a be z(4). Let o = a + -25. What is the greatest common divisor of o and 2?
2
Let s = -361 + 363. Calculate the greatest common divisor of 13 and s.
1
Let n(t) = -7*t + 3. Let x be n(-7). Suppose 36*s - 33*s - 102 = 3*o, -4*o + 137 = 3*s. Calculate the greatest common factor of x and s.
13
Let a = 1717 - 1690. Calculate the greatest common factor of a and 1215.
27
Let z = -23 + -7. Suppose 1 = h - 4, -j + 4*h = 30. Let q = j - z. What is the highest common factor of q and 180?
20
Let k(z) = -z**2 + 17*z + 2. Let u be k(12). Let c be u/6 + 1/(-3). Suppose 0 = -2*x - c + 58. What is the highest common factor of x and 60?
12
Let m = 315 + -309. What is the highest common divisor of 354 and m?
6
Let h be 918/(-3)*(-2)/4. Calculate the greatest common divisor of 102 and h.
51
Let s(v) = 9*v**3 - 29*v**2 + 29*v. Let a be s(1). Let r = -202 - -517. Suppose a*h - r = 4*h. What is the highest common divisor of h and 7?
7
Let x(w) = -8*w + 119. Let t be x(0). Suppose -t + 1010 = 9*u. Calculate the highest common factor of 18 and u.
9
Suppose 0*c - 5 = -c. Suppose 4*b + 250 = c*p - 37, 2*p - 122 = 4*b. What is the highest common factor of p and 11?
11
Suppose 9 = -r + 3*a, -2*r - 3*a + 17 = -10. Let n(o) = -o**2 + 9*o - 4. Let h be n(r). Calculate the highest common divisor of 42 and h.
14
Let i be (-233)/(-11) + (-140)/770. Calculate the highest common divisor of 7 and i.
7
Let u = -22 + 37. Let n = u + 145. Suppose 77*b - 280 = 63*b. Calculate the highest common divisor of b and n.
20
Let m = 60 - 56. Suppose -6 = -m*l + 38. What is the greatest common factor of 121 and l?
11
Let u(q) = 11*q + 3. Let c be u(3). Suppose c = 2*m + 4*i, m - 2*i - 42 = -3*m. Suppose 0 = -0*s + s - m. What is the greatest common factor of s and 72?
12
Suppose 3*o - 18 = 2*o. Let y be 2/(-6) + (-54431)/(-159). Calculate the highest common divisor of o and y.
18
Let p be (-6)/(-10) - (3708/20)/(-1). What is the highest common factor of 6 and p?
6
Suppose -15*z = -18*z - 150. Let f be 3/(12/46)*-2. Let v = f - z. Calculate the greatest common divisor of 9 and v.
9
Let m(s) = 5*s**2 - 8*s + 7. Let y be m(3). What is the greatest common divisor of 154 and y?
14
Let d(p) = -9*p**2 + 27*p - 7. Let o(f) = -5*f**2 + 13*f - 4. Let m(u) = 2*d(u) - 5*o(u). Let w be m(5). What is the greatest common factor of w and 14?
14
Let b = -636 - -925. Suppose 2*z + b = 5*r - z, 4*r - 2*z = 230. Calculate the greatest common divisor of 28 and r.
28
Let r be -2*6*(-5)/15*3. Suppose -z + r = 5*z. Calculate the greatest common factor of z and 18.
2
Suppose -y + 5*f = -2*y + 63, -295 = -5*y - 5*f. Let l be 1/(117/y + -2). Calculate the greatest common factor of 29 and l.
29
Let d(r) = r**3 + 3*r**2 - 14*r - 17. Let z be d(-4). What is the greatest common factor of z and 161?
23
Suppose -1 = 2*w - q, 0*q - 2*q + 4 = -3*w. Let k be (w + 7/(-4))/(10/360). What is the highest common factor of 225 and k?
9
Let o be 1/6*2 - 10081/(-51). Calculate the highest common divisor of o and 33.
33
Suppose -5*u = -g - 22, 4*g = -0*g - 2*u + 22. Let h = -1097 + 1121. What is the highest common factor of h and g?
3
Let b(d) = d**2 - 26*d + 69. Let l be b(23). Suppose -2*r + 3*n = -l*r - 321, 5*r - 813 = 4*n. What is the greatest common factor of 33 and r?
33
Let h be (0 + 16/10)*45/18. Let y be 1/(h/(-224)*-1). What is the highest common divisor of 8 and y?
8
Let p(b) = 32*b + 81. Let w be p(19). What is the highest common factor of 13 and w?
13
Let f(s) = -s**3 + 4*s**2 - 3*s + 1. Let k be f(-4). Suppose -2*v = n - 22, -k = -5*n - 5*v - 11. Let h = 31 - n. What is the greatest common factor of 1 and h?
1
Suppose 17*g = 59*g - 840. Let r be (-6)/27 - (-1984)/18. Calculate the highest common divisor of g and r.
10
Let j(m) = -19*m - 33. Let c be j(-7). Suppose -7*o + 3*o = -c. Calculate the greatest common factor of o and 200.
25
Let s(w) = 22*w**2 - 8*w + 15. Let v be s(4). Calculate the greatest common divisor of 134 and v.
67
Let g(u) = u**3 - 8*u**2 + 4*u - 4. Let m be g(8). Suppose 21 = 2*a - 3. Suppose -5*p = -8*p + a. What is the greatest common factor of m and p?
4
Suppose -53*i - 73*i + 756 = 0. Suppose 0 = -5*q + 5. Calculate the greatest common divisor of i and q.
1
Suppose 24*l + 899 = 2747. Calculate the highest common divisor of 7 and l.
7
Suppose 0 = -4*g + 5*g - 4. Suppose 0 = -f + 5*r + 41, -r = -g*r - 12. What is the highest common factor of 28 and f?
7
Suppose 0 = 2*n + s + 16, 0 = n - 5*s + 8 - 0. Let x = n - -24. Calculate the highest common divisor of 2 and x.
2
Suppose -145 = 6*n - 199. Calculate the highest common divisor of n and 225.
9
Suppose 9*y - 4*y = -3*d + 954, 0 = -3*y - 4*d + 579. Calculate the greatest common factor of y and 108.
27
Let p be (5 + ((-66)/9 - -2))*-66. What is the greatest common factor of 682 and p?
22
Let g = -143 - -73. Let d be ((-120)/14)/(20/g). Calculate the greatest common factor of d and 150.
30
Let j be (-87)/3 + 3/1. Let g = 91 + j. Suppose -q - 4*v = 7, -20 = q - 5*v - 58. What is the highest common factor of g and q?
13
Suppose -6*u - 3*w = -4*u - 22, -4*w = -u + 33. Let p(t) = t**2 + t + 5. Let q be p(-4). What is the highest common divisor of u and q?
17
Let k be (4 + 2/1)/(6/44). Calculate the greatest common factor of k and 4.
4
Let l be -81*(9/((-135)/(-10)))/(-1). Calculate the highest common factor of 126 and l.
18
Let u = 176 + -106. Calculate the highest common divisor of 14 and u.
14
Let b = -488 - -686. What is the greatest common factor of b and 33?
33
Suppose 3*z + 0*z = -5*c + 252, -132 = -3*c + 3*z. Let o be (-2514)/(-21) - (-2)/7. Calculate the highest common factor of o and c.
24
Let n be -2 + (6 - 4 - -1). Let w(u) = 8*u**3 + u**2 - 3*u + 1. Let q be w(n). What is the highest common factor of q and 77?
7
Let o = -945 - -2637. What is the highest common factor of o and 6?
6
Let d be (1 - 1) + 1 + 3. Suppose d*y = 5 + 15. Let j = y - -19. What is the greatest common factor of j and 72?
24
Let f(j) = -26*j - 81. Let k be f(-6). Calculate the highest common factor of 165 and k.
15
Let x be (-3 - -110) + (3 - 0). Let p = 198 - x. Suppose -16 = -4*n + 2*n. Calculate the highest common factor of p and n.
8
Let w = -163 + 179. What is the greatest common divisor of 12 and w?
4
Suppose -21 = -2*q - 13. Suppose -3*b + q + 20 = 0. What is the greatest common factor of b and 64?
8
Let v be (-80020)/(-60) - 4/(-12). What is the greatest common factor of v and 58?
58
Let c(g) = 3*g**2 - 37*g + 54. Let w be c(12). What is the highest common factor of 70 and w?
14
Suppose 0 = 106*q - 110*q + 384. What is the highest common divisor of q and 36?
12
Let u = 214 - -91. Let q = u - 175. Calculate the highest common factor of q and 52.
26
Let z(u) = 1. Let r(f) = -3*f - 9. Let l(i) = r(i) + 5*z(i). Let n be l(-6). Calculate the greatest common divisor of 112 and n.
14
Let t = -28 - -16. Let h be ((-64)/(-3))/(t/(-126)). Let k be (h/(-40))/(2/(-5)). What is the greatest common divisor of k and 2?
2
Suppose -5*o = -5*n + 75, 3*n + 6*o - 2*o = 66. Suppose 0 = -4*u, -8*q + 9*q - 3*u = 18. What is the highest common factor of q and n?
18
Let l = 47 - 5. What is the greatest common factor of l and 336?
42
Let l = -18 - -20. Suppose 0 = -5*j - l*i + 34, 0 = -0*j + 5*j - 3*i - 24. Calculate the highest common factor of 3 and j.
3
Suppose y - 8 = -3*y. Let z be (-1)/y + 10/4. Let v(c) = 4*c**3 - 2*c + 3. Let s be v(z). Calculate the greatest common divisor of s and 341.
31
Suppose -13 = -3*o + 2. Suppose d = -3*p + 15, -o = -2*d + 2*p + 41. Calculate the greatest common factor of d and 84.
21
Let y(b) = b**2 - 11*b - 5. Let t be y(13). What is the highest common divisor of 1344 and t?
21
Let o be (-1)/(-3)*(16 - 13). Let z be o + 2 + 516/4. Suppose 5*m + p = -3*p + z, 12 = 4*p. Calculate the greatest co